 u(r) be the second derivative of r**4/4 + r**3/3 + r**2/2 + r. Calculate u(-1).
2
Let n(h) = -23*h - 12 + 1 + h**2 + 35*h - 19*h. What is n(8)?
-3
Suppose -2*q - 3*x + 8 = x, 4*x = 3*q + 28. Let o(i) = -7*i**3 - 7*i - 9. Let r(u) = 3*u**3 + 4*u + 5. Let v(f) = q*o(f) - 7*r(f). Determine v(1).
8
Let y(v) be the second derivative of 1/3*v**3 + 0 - 3*v - 1/2*v**2. Suppose 2*a - 8 = -0*a. Calculate y(a).
7
Let x be 2*5*(-3)/(-15). Let n(l) = 2*l**2 - 3*l + 3. Determine n(x).
5
Let m(p) = p**3 - 5*p**2 + p - 3. Let h = -3 + 8. Calculate m(h).
2
Let a = -4 - -7. Let m(j) = -4*j + 2*j + a*j + j. Give m(4).
8
Let o(y) = y. Let b(p) = -4*p + 1. Let m(f) = -2*b(f) - 4*o(f). Determine m(4).
14
Let v(j) be the third derivative of -j**4/24 - j**3/3 + 26*j**2. Calculate v(8).
-10
Let p(j) be the first derivative of -j**4/4 + 4*j**3/3 + j**2/2 + 7*j - 56. Suppose -i - 10 = -3*i. Calculate p(i).
-13
Let g(r) = r - 3. Let q be g(5). Suppose 0 = -q*x - 5*f + 33, f - 15 = -2*f. Let i(b) = b - 2. Determine i(x).
2
Let q(z) = -11*z + 24. Let t(y) = -3*y + 8. Let g(l) = -2*q(l) + 7*t(l). Let x(b) = -b**2 - b - 6. Let u be x(0). Give g(u).
2
Let f(a) = -5*a + 1. Let q(j) = 6*j - 2. Let t(x) = -7*x + 2. Let z(n) = -3*q(n) - 4*t(n). Let o(w) = 7*f(w) + 4*z(w). Give o(1).
4
Let p(a) = -7 + 1 - 3*a + 0. Let d be 0 + -17 + (-1 - -3). Let n be d*(-5 - -1)/(-12). What is p(n)?
9
Let v(x) be the first derivative of x**4/4 - 4*x**3/3 - 3*x**2/2 - 3*x + 2. Suppose -3*d = -5*m - 0*m + 31, -3*m = -5*d - 25. Calculate v(m).
7
Let c be 21/5 - 1/5. Suppose c*n = 12 - 4. Let z(q) = 0*q - 2*q + 3*q + 1 - 2 + n*q**2. Determine z(-2).
5
Let x(k) = 3*k + 21. Let u be x(-9). Let d(f) = f**2 + 6*f + 1. What is d(u)?
1
Let t(x) = -x**2 + 4*x - 1. Suppose -2*c + 3*c = 5*v + 13, -4*v - 20 = -4*c. Determine t(c).
2
Let d(o) be the second derivative of 0 - o**2 + o + 1/12*o**4 + 2/3*o**3. Determine d(-5).
3
Let x(i) = i**2 + 5*i + 2. Let j = -88 - -85. Determine x(j).
-4
Let g(o) = o**2 - o. Let u(k) = 6*k - 2. Let a(c) = -g(c) - u(c). Let w(z) = -2*z - 14. Let q be w(-5). Determine a(q).
6
Let d(s) = -2*s**2 - 6*s - 5. Let h be d(-3). Suppose 12 = -4*i - 4*z, 2*z = 3*i + 3 - 19. Let r(p) = -p - 3*p**2 - 6*p + i*p**2 - 6. Determine r(h).
4
Suppose 0*z + 5*z = 5*r + 10, 2*r = -3*z + 21. Let g be (-20)/(-8) + r/(-2). Let h(j) = j**3 - 1. What is h(g)?
0
Let t(f) = -4*f**3 + f**2 - 1. Let w be t(-1). Suppose -y - 3*y - 4*b = -4, w = -y + 4*b. Let k(v) = -v + 0*v + 2*v + 1 + y. Determine k(-3).
-2
Let t(h) = -h**3 - 7*h**2 - 7*h + 6. Let m be (20/(-25))/(2/15). Give t(m).
12
Let l(v) be the second derivative of -v**8/6720 - v**7/1260 + v**6/180 - v**5/24 + v**4/12 - 3*v. Let p(b) be the third derivative of l(b). Calculate p(-4).
11
Let l(n) = -n**3 + 4*n**2 - 2*n + 1. Let t be (6 - 0)/3 - -2. Determine l(t).
-7
Suppose 9 = 4*v + 1. Let s(k) = -v + 0 + 1 + k**2. Determine s(2).
3
Let w(n) = -3*n - 5 + 6 + 1 + 5*n. Calculate w(4).
10
Let l(g) be the second derivative of g**6/24 - g**3/6 + 3*g**2/2 - g. Let y(a) be the first derivative of l(a). Calculate y(1).
4
Let x(d) = -46*d + 11. Let h(q) = 9*q - 2. Let u(b) = -11*h(b) - 2*x(b). Determine u(-1).
7
Let a(x) = -x**3 + x**2 + 4*x + 1. Suppose -n = -i + 4, 5*n + 3*i - 2 = 2. Let o(l) = -l**2 + 1. Let f(y) = n*a(y) + 2*o(y). Determine f(4).
1
Suppose 5*k = 3*d - 15, -d - 16 - 13 = 4*k. Let j be -3*(k/9 + -1). Let q(u) = u - 2. What is q(j)?
3
Let u(q) = 0 - 3*q + 0*q**2 + q**2 + 0 - 1. Determine u(6).
17
Let l(y) = -y**3 - 6*y**2 + 6. Let t(q) = -q - 2. Let n be t(4). What is l(n)?
6
Let u(v) be the second derivative of v**5/10 + v**4/6 - v**2/2 - v. Suppose 0 = 44*k - 43*k + 1. Calculate u(k).
-1
Let l(x) = x. Let w(h) = h + 9. Let s(a) = 2*l(a) - w(a). Let c be s(8). Let b(p) = 2*p**3 - 1. What is b(c)?
-3
Let b(i) be the second derivative of 11*i**5/20 - i**4/6 + i**3/3 - i**2/2 - 3*i. Give b(1).
10
Let j(x) be the first derivative of -x**3/3 + x**2/2 - 6*x + 17. What is j(0)?
-6
Suppose 2*q = 0, -4*a + q + 3*q = 16. Let k(z) = -z. What is k(a)?
4
Let z be (-20)/(-2) + 2/1. Suppose 2*o + 2*o = z. Suppose 2*a - o = 5. Let n(m) = -m**3 + 4*m**2 + 2*m. Calculate n(a).
8
Let c(h) = -h**3 + 2*h - 2. Let u be c(2). Let s(o) = -o - 8. Calculate s(u).
-2
Let q(j) = -2*j**2 + 4*j + 1. Let l(p) = p**2 - 1. Let c(g) = 3*l(g) + q(g). Calculate c(-5).
3
Let g(j) = -7*j**3 - 3*j**2 - 7*j + 3. Let u(o) = 3*o**3 + o**2 + 3*o - 1. Let v(z) = -2*g(z) - 5*u(z). Determine v(2).
-7
Let t be (-9)/3 - (1 + -9). Suppose t = -x + 2*x. Let j(w) = 3*w - w**2 + 2 + 2*w**2 - 10*w. Calculate j(x).
-8
Let h(c) = -4*c**2 + 10*c - 17*c + 5*c**2 + 6. What is h(4)?
-6
Let t be 0/2 + -7 + 6. Let l = t - 4. Let c(k) = k**2 + 6*k - 2. Give c(l).
-7
Let s(a) = -a**2 - 2*a. Suppose 0*j + j + 13 = 0. Let w = -1 - j. Suppose 5*v = -4*t + 10, v - t - t = -w. What is s(v)?
0
Let x = 2 + 0. Let w(c) = x - 4 - c + 3. Give w(6).
-5
Suppose 2*v + 5 = l, 0 = -5*l + 3*v - 0*v - 10. Let g(j) = -3*j**3 - j + 3. Let n(q) = 4*q**3 + q**2 - 3. Let u(c) = 5*g(c) + 4*n(c). Give u(l).
3
Suppose f = 2 + 3. Let t(k) be the third derivative of -k**5/60 + 5*k**4/24 + k**3/3 - 13*k**2. What is t(f)?
2
Let a(u) = 3*u + 10. Let s(k) = -3*k - 11. Let o(h) = 4*a(h) + 3*s(h). Calculate o(-5).
-8
Let o(h) be the third derivative of h**4/24 - 5*h**3/6 - 3*h**2. Let z(l) = 5*l**2 - 2*l + 1. Let k be z(1). Calculate o(k).
-1
Let c(y) = -3*y - 3*y - 3 - y**2 + 5. Give c(-5).
7
Let m(s) = -3*s**2 + 3*s. Let z(h) = -h**3 + 9*h**2 - h + 11. Let u be -3 - ((-60)/4 - -3). Let k be z(u). What is m(k)?
-6
Let n(r) = -r**2 - 3*r + 7. Suppose -s = -3*s - 2. Let f(b) = -b. Let p be f(s). Let m = -6 + p. What is n(m)?
-3
Let g(q) be the second derivative of q**3/6 + 116*q. Let m(t) = -t - 1. Let a(n) = 2*n + 6. Let f(i) = -a(i) - 3*m(i). Let y be f(6). Give g(y).
3
Suppose 18*g = 5*g + 26. Let j(x) be the first derivative of 3 - x - 1/3*x**3 + 3*x**g. Calculate j(5).
4
Let l(n) = -2*n - 4. Suppose -1 = 3*m - 16. Suppose -3*w + 22 = 2*w - 3*v, -m*w + 5*v + 20 = 0. Give l(w).
-14
Let f(n) = -n + 2. Suppose 3*c + 4 = 13. Let i be (0 - (c - -7))/2. What is f(i)?
7
Suppose 0*a + a = 5*y + 1, -a + 9 = 3*y. Let z(w) be the first derivative of 3*w**2/2 - 7*w + 3. Give z(a).
11
Let a(k) be the first derivative of -k**4/4 + k**3 + 3*k**2/2 + k + 3. Suppose 4*t - 16 = -0*l - 2*l, 0 = 5*t - 2*l - 20. Give a(t).
-3
Let k(s) be the first derivative of s**3/6 + 2*s**2 + s + 3. Let t(w) be the first derivative of k(w). Calculate t(-4).
0
Suppose -y = 2, 4*k = -3*y + y + 220. Let z be 2/3 + k/(-12). Let n(s) = -2*s - 6. Determine n(z).
2
Suppose h - 6*h = -s + 11, -4*h = -2*s + 16. Let y(m) = 3*m + 3. Let r(z) = 2*z. Let u(k) = 5*r(k) - 3*y(k). Give u(s).
-3
Let f(m) = 11*m + 1. Suppose -8 = -2*k + k + 5*w, -k + w = 0. Calculate f(k).
-21
Let h(n) = n - 2. Let b(w) = -w + 3. Let v(c) = -c + 3. Let r(q) = -5*b(q) + 6*v(q). Let g(f) = 7*h(f) + 6*r(f). What is g(-6)?
-2
Let p(n) = -n + 5. Let g(l) = -2*l + 9. Let b(i) = -6*g(i) + 11*p(i). Let j be b(0). Let t(c) = -4*c - 1. What is t(j)?
-5
Let z(k) be the third derivative of -k**5/60 + k**4/3 + k**3/2 + 2*k**2. Give z(7).
10
Let c = 2 + 3. Let y(l) = l**2 - 6*l - 2. Let u be y(c). Let p be 2/u + 76/(-28). Let s(w) = w**3 + 2*w**2 + w + 4. Give s(p).
-8
Let r be (4/(-10))/((-2)/(-20)). Let j(i) = -533 - i + 0*i + 527. What is j(r)?
-2
Let s(q) = 6*q**2 + 13*q - 21. Let n(y) = 5*y**2 + 12*y - 19. Let b(d) = 5*n(d) - 4*s(d). What is b(-9)?
-2
Let i(d) = -d + 2. Suppose 8 = 3*n + 2. Suppose -n*o + 4*o = -4*m + 8, -o + 6 = 3*m. Let a = m - -3. Give i(a).
-3
Let x(v) = v**3 - 4*v**2 + 3*v + 4. Suppose -t + 3 + 3 = 0. Suppose 0 = -2*g - 0*g + t. What is x(g)?
4
Let z(d) = -d - 2. Suppose -4*w = -o - 7, 5*o - 3*w = 4*o - 6. Let x(i) = i**2 + 12*i + 8. Let s be x(-12). Let t = o + s. Determine z(t).
-7
Let z(n) = 4*n + 1. Let i(o) = o - 15. Let g be i(8). Let y = 13 + g. Suppose 0 = v + 2*v + y. Calculate z(v).
-7
Let c = 0 + 5. Let q = 0 - -4. Let r(g) = -5*g + g - g - 3*g**2 + 2 + q*g**2. Calculate r(c).
2
Let o(y) = 1. Let z(m) = -m**2 - 3*m - 2. Let k(f) = -3*o(f) - z(f). Let j(q) = -q. Let w(r) = -r**3 - 6*r**2 - r - 4. Let x be w(-6). Let v be j(x). Give k(v).
-3
Let b(n) = n**3 - 11*n**2 - 4*n